18629 is divided by 2764?
2753
What is the remainder when 77061 is divided by 1979?
1859
What is the remainder when 10569523 is divided by 1989?
1966
Calculate the remainder when 182453 is divided by 43398.
8861
Calculate the remainder when 2407091 is divided by 18.
5
What is the remainder when 22579 is divided by 289?
37
Calculate the remainder when 17969336 is divided by 395.
391
Calculate the remainder when 17873 is divided by 2433.
842
What is the remainder when 3055909 is divided by 326?
311
Calculate the remainder when 278185 is divided by 641.
632
What is the remainder when 151542 is divided by 75738?
66
What is the remainder when 4261107 is divided by 782?
771
Calculate the remainder when 1109096 is divided by 2.
0
Calculate the remainder when 70041 is divided by 34490.
1061
Calculate the remainder when 5619238 is divided by 1404809.
2
What is the remainder when 19500742 is divided by 12?
10
Calculate the remainder when 574614 is divided by 6482.
4198
Calculate the remainder when 15512398 is divided by 2232.
2230
Calculate the remainder when 113794117 is divided by 28448529.
1
Calculate the remainder when 3602422 is divided by 9.
1
Calculate the remainder when 72718 is divided by 33575.
5568
Calculate the remainder when 34499112 is divided by 271.
270
Calculate the remainder when 762924 is divided by 58668.
240
What is the remainder when 416896 is divided by 104?
64
Calculate the remainder when 43619 is divided by 2559.
116
What is the remainder when 363720 is divided by 106?
34
Calculate the remainder when 37982563 is divided by 598.
593
Calculate the remainder when 104942 is divided by 188.
38
Calculate the remainder when 3186288 is divided by 1235.
1223
Calculate the remainder when 975810 is divided by 40658.
18
What is the remainder when 1049514 is divided by 2784?
2730
What is the remainder when 31467 is divided by 2933?
2137
What is the remainder when 304610 is divided by 18620?
6690
What is the remainder when 46424 is divided by 1497?
17
Calculate the remainder when 1497908 is divided by 93606.
212
What is the remainder when 25525 is divided by 12761?
3
Calculate the remainder when 11337925 is divided by 708.
13
What is the remainder when 4347752 is divided by 578?
36
What is the remainder when 10373981 is divided by 5031?
59
What is the remainder when 1042824 is divided by 117?
3
Calculate the remainder when 2701080 is divided by 108043.
5
Calculate the remainder when 91595656 is divided by 182.
152
Calculate the remainder when 7302225 is divided by 235555.
20
What is the remainder when 124855 is divided by 137?
48
Calculate the remainder when 250471 is divided by 1602.
559
Calculate the remainder when 162932 is divided by 1001.
770
What is the remainder when 6469786 is divided by 215659?
16
Calculate the remainder when 65671 is divided by 2047.
167
What is the remainder when 2606 is divided by 147?
107
Calculate the remainder when 217883 is divided by 1640.
1403
What is the remainder when 5177 is divided by 279?
155
Calculate the remainder when 9897686 is divided by 380680.
6
Calculate the remainder when 298660 is divided by 121.
32
What is the remainder when 6559391 is divided by 2099?
16
Calculate the remainder when 31951875 is divided by 3195183.
45
Calculate the remainder when 139170 is divided by 5559.
195
What is the remainder when 3386714 is divided by 1443?
1436
Calculate the remainder when 174439 is divided by 191.
56
Calculate the remainder when 412308 is divided by 25754.
244
What is the remainder when 115434157 is divided by 8747?
8745
What is the remainder when 91092 is divided by 2127?
1758
What is the remainder when 4862197 is divided by 21?
4
What is the remainder when 3864456 is divided by 2991?
84
Calculate the remainder when 155268 is divided by 3566.
1930
What is the remainder when 21799475 is divided by 455?
425
Calculate the remainder when 1462958 is divided by 487631.
65
Calculate the remainder when 1004959 is divided by 143565.
4
What is the remainder when 445428 is divided by 6453?
171
Calculate the remainder when 28765872 is divided by 30.
12
Calculate the remainder when 2659560 is divided by 452.
444
Calculate the remainder when 66445 is divided by 79.
6
Calculate the remainder when 3437394 is divided by 312489.
15
Calculate the remainder when 49206325 is divided by 862.
779
What is the remainder when 1979553 is divided by 1979496?
57
Calculate the remainder when 900254 is divided by 373.
205
What is the remainder when 3043009 is divided by 125?
9
Calculate the remainder when 54889 is divided by 1362.
409
What is the remainder when 223655 is divided by 37233?
257
What is the remainder when 1556182 is divided by 363?
1
What is the remainder when 398918 is divided by 83?
20
What is the remainder when 93633188 is divided by 5483?
5480
What is the remainder when 5225287 is divided by 585?
67
Calculate the remainder when 7222150 is divided by 3858.
3832
Calculate the remainder when 21487512 is divided by 33.
24
Calculate the remainder when 2275646 is divided by 2275015.
631
What is the remainder when 16126633 is divided by 1759?
121
Calculate the remainder when 1828824 is divided by 956.
952
What is the remainder when 952046 is divided by 755?
746
Calculate the remainder when 206140 is divided by 143.
77
Calculate the remainder when 1667715 is divided by 1259.
799
What is the remainder when 1213300 is divided by 37?
33
Calculate the remainder when 263824 is divided by 150.
124
Calculate the remainder when 4108347 is divided by 568.
3
Calculate the remainder when 8487972 is divided by 571.
57
Calculate the remainder when 752870751 is divided by 146.
143
Calculate the remainder when 12329 is divided by 1232.
9
Calculate the remainder when 132435 is divided by 371.
359
Calculate the remainder when 589293 is divided by 293306.
2681
What is the remainder when 36932 is divided by 4300?
2532
Calculate the remainder when 9510784 is divided by 546.
10
What is the remainder when 355623 is divided by 5648?
5447
Calculate the remainder when 57789 is divided by 2474.
887
What is the remainder when 183034 is divided by 4464?
10
Calculate the remainder when 8251941 is divided by 10051.
70
What is the remainder when 401467 is divided by 66449?
2773
Calculate the remainder when 299842 is divided by 149572.
698
What is the remainder when 3760256 is divided by 3759238?
1018
Calculate the remainder when 15034223 is divided by 39.
35
Calculate the remainder when 22597228 is divided by 56212.
4
What is the remainder when 11427070 is divided by 302?
296
What is the remainder when 100912786 is divided by 62874?
16
What is the remainder when 17071277 is divided by 215?
62
What is the remainder when 10875287 is divided by 7136?
23
Calculate the remainder when 5545807 is divided by 1807.
124
What is the remainder when 1031524 is divided by 6?
4
Calculate the remainder when 16309023 is divided by 150.
123
Calculate the remainder when 1618638 is divided by 1018.
18
Calculate the remainder when 20785893 is divided by 134102.
83
Calculate the remainder when 29290 is divided by 2713.
2160
Calculate the remainder when 10429690 is divided by 96571.
22
Calculate the remainder when 32343328 is divided by 33275.
28
Calculate the remainder when 12559061 is divided by 6833.
7
Calculate the remainder when 2541266 is divided by 2296.
1890
What is the remainder when 13592011 is divided by 5907?
4
Calculate the remainder when 2291871 is divided by 41.
12
Calculate the remainder when 1510121 is divided by 1459.
56
What is the remainder when 261488 is divided by 12?
8
Calculate the remainder when 1561705 is divided by 279.
142
Calculate the remainder when 19360759 is divided by 317.
301
Calculate the remainder when 84885178 is divided by 690.
688
Calculate the remainder when 66915870 is divided by 8.
6
Calculate the remainder when 105460381 is divided by 1205.
1191
Calculate the remainder when 1375737 is divided by 1137.
1104
Calculate the remainder when 1285069 is divided by 31.
26
What is the remainder when 1147584 is divided by 143442?
48
Calculate the remainder when 84252948 is divided by 868587.
9
What is the remainder when 103745844 is divided by 3197?
3194
What is the remainder when 17671 is divided by 1958?
49
Calculate the remainder wh